) prime?
False
Suppose 2730 = -3*m + 744. Let r = 1293 + m. Is r prime?
True
Suppose 0 = -3*q + 19*v - 22*v + 22764, -3 = v. Is q a composite number?
False
Suppose 5*d = 2 + 8. Suppose -5*c + 5*g = 0, 3*g - 18 = -d*c - c. Is -14*(-4)/8*c a composite number?
True
Suppose -10*a - v = -5*a - 10913, -a + 3*v + 2189 = 0. Is a a composite number?
True
Suppose 17*i - u + 9329 = 21*i, i + 2*u = 2327. Is i a composite number?
False
Let b be (4 - -933) + 4*1. Suppose r - 4608 = -4*p, -p - r + b = -214. Is p a composite number?
False
Let n = 33 - -1. Suppose n = -o + 209. Suppose -4*w = -5*v - 642, 4 = -w - 4*v + o. Is w prime?
True
Let b(y) = y + 58. Let r be b(-18). Let d = r + 1617. Is d prime?
True
Suppose -7*a - a - 16 = 0. Is a/10 + (-1 - (-903)/15) prime?
True
Let s(d) = 26*d + 13. Let k(u) = 39*u + 20. Let o(w) = 5*k(w) - 8*s(w). Is o(-3) a composite number?
True
Let q(u) = -29*u**3 - 7*u**2 + 4*u - 19. Is q(-8) a composite number?
True
Is 97*1*(1 + 22) composite?
True
Suppose -18375 = -2*b - 3*y, -2*y + 4210 - 31753 = -3*b. Is b a composite number?
True
Let s be 164035/5 - -1 - -4. Is ((-2)/(-4))/(13/s) a composite number?
True
Let h(a) = a - 1. Let s(k) = -k**3 + 10*k**2 - 9*k + 4. Let r(u) = h(u) - s(u). Let m be r(8). Is m*(8/(-4) + 1) prime?
True
Let q(o) = o**3 + 7*o**2 - 10*o - 17. Let n be q(-8). Let y(i) = -914*i**3 - 2*i**2 - 3*i - 1. Is y(n) a prime number?
False
Suppose -5*z - 13 = -4*n, 4 = n + 7. Is z/(10/(-384)) - -2 composite?
True
Let n be (5/(-2))/(8/(-272)). Is (-13418)/(-5) + (-51)/n prime?
True
Let q be 2/(-4)*(-8)/1. Suppose 0 = -3*i - q*p + 609, 2*i - 4*p = 461 - 55. Is i composite?
True
Let d = -9 - -34. Let x = -33 + d. Let v(p) = 7*p**2 - 2*p + 23. Is v(x) a composite number?
False
Let j = -9308 - -33063. Is j composite?
True
Let k be (-45)/6*(-76)/(-6). Let m = k + 44. Let c = m + 212. Is c prime?
False
Let y = -5162 - -19511. Is y prime?
False
Suppose -g + 2 = g. Is 10/(-4)*(-342 - (g - -3)) prime?
False
Suppose 0 = 3*s - 3*y - 15, -2*s + 36 = 5*y - 2. Let x = -24 + s. Is x/2*(-5 + 3) composite?
True
Is 54653/6 - (-22)/132 composite?
False
Suppose -6*x = -8*x + 10, 5*f - 39510 = -x. Is f prime?
True
Let a(j) = -j**2 - 7*j + 13. Let y be a(-9). Let g = y + -5. Is (-2028)/g - 8/(-40) a composite number?
True
Let w = 4734 + -2677. Suppose -12*y + w = -y. Is y composite?
True
Let j = 6 - 5. Is j/(-2) + 184/16 a composite number?
False
Suppose 2055 = 2*f + f. Suppose -o + f - 168 = 0. Is o composite?
True
Suppose 5*d + 10*d = 1695. Let i = d + 198. Is i composite?
False
Suppose -4*a - 10984 = -5*m - 32042, 4*a + 2*m = 21072. Is a a prime number?
False
Let n = -38252 - -70135. Is n a prime number?
True
Suppose 5*a + 1760 = 37515. Is a composite?
False
Suppose 4 = y, -3*y = 5*l - 2*y - 28559. Is l a composite number?
False
Let x = 7 - 3. Suppose x*h = -n - 22, -3*h - 14 = h - 3*n. Is (-265)/h*(2 + -1) prime?
True
Let z(b) = 2*b**2 - 30*b - 37. Is z(-13) prime?
True
Let d = -2170 + 8291. Is d composite?
False
Suppose -3*t + 19 = -2*t - 3*c, -27 = -5*t - 2*c. Let r = -2 + t. Suppose 0 = -r*b + 292 + 453. Is b a prime number?
True
Suppose 2*g = -5*o - 2, -3*o = 5*g - 15 + 1. Let d(u) be the first derivative of -69*u**2/2 + 3*u - 4. Is d(o) a prime number?
False
Suppose 3692*m - 3698*m = -273558. Is m a prime number?
False
Let d(s) = -3*s**3 + 38*s**2 + 21*s - 33. Let a(t) = t**3 - 13*t**2 - 7*t + 11. Let g(o) = 8*a(o) + 3*d(o). Let x be g(8). Let r = x - 120. Is r prime?
True
Let g(n) = -434*n + 223. Is g(-17) a prime number?
False
Let a(w) = 216*w**2 + 36*w + 125. Is a(-4) prime?
False
Let f be 0 + (-3 - -4) + -3. Let p be (-107)/(-4 + 5 + f). Suppose 3*n - 6*n = h - p, -4*h - n = -483. Is h a prime number?
False
Let b(u) = u**2 + 4*u - 3. Let v be b(-5). Let i be (0/1)/(1 + 0). Suppose v*a = x - 49, i = -4*x + 2*a + 3*a + 205. Is x a prime number?
False
Let z be 234/12 + 3/(-2). Let r be 1/(-3) + 42/z. Suppose 34 = 3*s - r*s. Is s composite?
True
Let r = -12460 - -23147. Is r prime?
True
Suppose -4*x + 15149 = 5*m, -6*m = 3*x - 5*m - 11370. Is x a prime number?
False
Suppose 4*a - 143 = 5*f, f - 186 = -24*a + 19*a. Is a composite?
False
Let q = 326 + -547. Let j = 412 + q. Is j a prime number?
True
Suppose 0 = 5*g + 4*f + 9, g - 7 = 3*g + 5*f. Is 0 - 0 - (g + -790) a prime number?
False
Let s(r) = r**3 + r**2 - r + 1. Let o be s(1). Suppose -o*y + 416 = -g - g, 0 = y + g - 202. Is y composite?
True
Let f = -6903 - -12989. Is (f/4)/(5/10) a prime number?
False
Let y(p) be the third derivative of p**4/24 - 2*p**3/3 + 3*p**2. Let r be y(7). Suppose r*l - 321 = 210. Is l composite?
True
Let i = 20 + -15. Suppose -v - v = a - 160, -i*v = 25. Suppose 3*p - a = 463. Is p composite?
False
Let t(a) = 2*a**2 + 82*a - 101. Is t(43) a composite number?
True
Let h be (-161)/(-49) - 2/7. Suppose 0 = -4*k - b + 4, -2*b - h*b = -5*k - 20. Suppose 0 = -j + l - 0*l + 37, -3*l - 6 = k. Is j composite?
True
Let s = -31 - -19. Let h = 53 - s. Suppose 2*b - 3*m = 63, -b - b + h = -m. Is b a prime number?
False
Suppose -25 = -4*h - h - 5*q, 0 = -2*q + 4. Let m be 1 + 0 + -4 + h. Suppose m*d + 53 = 3*o - d, 2*o - 30 = 2*d. Is o composite?
False
Suppose 0 = 11*z - 30386 - 15935. Is z a composite number?
False
Is 25556/8*(-24)/(-12) a prime number?
True
Suppose -770 = -5*r - 3*i, r - 4*i + 0*i = 177. Is r a composite number?
False
Let a = -6593 + 20736. Is a prime?
True
Let h = 11150 - 5015. Suppose -7*i + 2*i = -h. Suppose 4*b - b = i. Is b a prime number?
True
Suppose -53*l = 4*l - 376143. Is l a composite number?
False
Suppose 3*b = -2*h + 390, -4*h - b + 0*b = -800. Let g = h - 80. Is g a prime number?
False
Let z = -2 + -3. Let n(q) = q + 1. Let a(v) = 56*v + 5. Let b(s) = -a(s) + 6*n(s). Is b(z) a prime number?
True
Let j(z) = z**3 + z**2 + 22*z - 59. Is j(12) a prime number?
False
Suppose -62932 = -7*r + 37035. Is r composite?
False
Let w(f) = -680*f + 667. Is w(-35) a prime number?
False
Suppose l + 4*t = 16, -5 = -3*l - t - 1. Suppose 0 = -3*u - r + 1866, 3*u - 4*r = -l*u + 1881. Is u a composite number?
True
Let k = -9 - -7. Is 3 + (-2 + k - -710) composite?
False
Suppose -5*r + 2*h + 175485 = 0, r - 37738 = 5*h - 2641. Is r a prime number?
False
Let j(m) = m**3 - 4*m**2 - 10*m. Suppose -t - 13 = -0*t. Let h = t - -20. Is j(h) composite?
True
Let p = 1627 - 776. Is p prime?
False
Let m(b) = 8*b**2 - 352*b - 67. Is m(51) composite?
False
Let y(a) = -1520*a + 2. Let w(p) = -507*p + 1. Let z(t) = 11*w(t) - 4*y(t). Is z(2) composite?
False
Let k(q) = -2*q - 37. Let i be k(-19). Is 2 - (i - 5 - 4909) composite?
True
Let u(j) = 2115*j - 31. Is u(6) composite?
False
Suppose -9*g + 45678 = -3*g. Suppose -3*n + g - 2648 = 0. Is n a composite number?
True
Suppose 0 = o + 4 - 11. Let y be (-5380)/(-14) + (-2)/o. Let l = -271 + y. Is l composite?
False
Let i = -364 + -65. Let n = i - -982. Is n a composite number?
True
Let c = -32 - -37. Suppose 0 = -3*f - 0*r - 3*r + 291, -2*f - c*r + 194 = 0. Is f composite?
False
Is ((-4227)/(-4))/((-1)/(-16)*6) prime?
False
Suppose 20 + 72 = 2*o. Suppose 2*p - p - 131 = 0. Let i = p - o. Is i a composite number?
True
Let b be (1189 - -1) + (-3 - -6). Suppose 4*h - c - 3959 = b, h + c = 1283. Suppose 0 = -2*r + h + 59. Is r a composite number?
False
Suppose 0 = 2*s - 368 - 480. Suppose -13*b - 1604 - 1165 = 0. Let d = b + s. Is d prime?
True
Is 10960 + -9 + 16 + (-1 - 5) a prime number?
False
Suppose -3*a = -2*a - 4. Suppose a*k = 6*k. Suppose k = -4*m + 2*n + 310, 2*m + 4*n - 304 = -2*m. Is m prime?
False
Suppose -4*w + 1077 = k - 0*w, 2*k = 4*w + 2202. Suppose -i + 5 = 0, 105 - k = -g - i. Is g composite?
False
Is 57363*((-104)/(-24) + -4) composite?
False
Is ((-134)/6)/((-3)/9) a composite number?
False
Let n(w) = -458*w**3 + 8*w**2 - 4*w - 19. Is n(-3) composite?
True
Suppose -10*x + 3 = -9*x. Suppose -2*p + l = 3*l - 268, 2*p = 3*l + 243. Suppose -x*n + p = 12. Is n a prime number?
False
Let z be (-36)/72*(1 - (2 - 1)). Is 21616/16*(1 + z) a prime number?
False
Let y = 427 + -895. Suppose 0 = -q + 2*x - 422 - 265, -3*x = q + 697. Let d = y - q. Is d a composite number?
False
Let f(p) = -317*p - 243. Is f(-8) prime?
True
Suppose 2*l - 26326 = -q, -31*l - q - 52664 = -35*l. Is l a prime number?
False
Suppose -